{"id":5,"date":"2019-09-02T14:22:35","date_gmt":"2019-09-02T12:22:35","guid":{"rendered":"https:\/\/industrie.cloud1.sbg.meosis.fr\/jcmdistribution\/lentreprise.html"},"modified":"2022-01-14T15:45:52","modified_gmt":"2022-01-14T14:45:52","slug":"lentreprise","status":"publish","type":"page","link":"https:\/\/industrie.cloud1.sbg.meosis.fr\/jcmdistribution\/lentreprise.html","title":{"rendered":"L&rsquo;entreprise"},"content":{"rendered":"\t\t<div data-elementor-type=\"wp-post\" data-elementor-id=\"5\" class=\"elementor elementor-5\" data-elementor-post-type=\"page\">\n\t\t\t\t\t\t<section class=\"elementor-section elementor-top-section elementor-element elementor-element-308f8ab3 elementor-section-boxed elementor-section-height-default elementor-section-height-default\" data-id=\"308f8ab3\" data-element_type=\"section\">\n\t\t\t\t\t\t<div class=\"elementor-container elementor-column-gap-default\">\n\t\t\t\t\t<div class=\"elementor-column elementor-col-100 elementor-top-column elementor-element elementor-element-4a2a36fd\" data-id=\"4a2a36fd\" data-element_type=\"column\">\n\t\t\t<div class=\"elementor-widget-wrap elementor-element-populated\">\n\t\t\t\t\t\t<div class=\"elementor-element elementor-element-4856a658 elementor-widget elementor-widget-text-editor\" data-id=\"4856a658\" data-element_type=\"widget\" data-widget_type=\"text-editor.default\">\n\t\t\t\t<div class=\"elementor-widget-container\">\n\t\t\t\t\t\t\t\t\t<p><span style=\"font-family: arial, helvetica, sans-serif;\">JCM Distribution s&rsquo;est d&rsquo;abord sp\u00e9cialis\u00e9e dans le mat\u00e9riel pour les Sapeurs Pompiers. Des produits fiables et performants avec ces utilisateurs exigeants ont s\u00e9duit par la suite de nombreux clients comme les forces de l&rsquo;ordre, les grandes administrations, l&rsquo;industrie . De grandes marques comme FLIR ou LION nous ont fait confiance et ne le regrettent pas. D&rsquo;autres fabricants connus pour les performances de leur produits nous ont rejoints depuis pour apporter chaque jour de nouvelles solutions \u00e0 vos besoins.<\/span><\/p><h2><span style=\"font-family: arial, helvetica, sans-serif;\"><span style=\"font-family: arial, helvetica, sans-serif;\">Souplesse et r\u00e9activit\u00e9<\/span><\/span><\/h2><p><span style=\"font-family: arial, helvetica, sans-serif;\">Des effectifs volontairement r\u00e9duits mais dynamiques, motiv\u00e9s et impliqu\u00e9s nous permettent d&rsquo;\u00eatre beaucoup plus r\u00e9actifs que de grandes structures ralenties par leurs proc\u00e9dures administratives.<\/span><\/p><h2><span style=\"font-family: arial, helvetica, sans-serif;\">Des techniciens \u00e0 votre disposition<\/span><\/h2><p><span style=\"font-family: arial, helvetica, sans-serif;\">Chez JCM tous vos interlocuteurs ont une sensibilit\u00e9 technique avant tout avec \u00e0 la base des comp\u00e9tences \u00e9prouv\u00e9es en mati\u00e8re logistique et commerciale. Depuis 25 ans nous savons livrer une batterie \u00e0 10 euros avec autant de rigueur qu&rsquo;un march\u00e9 de 150 cam\u00e9ras thermiques !<\/span><\/p>\t\t\t\t\t\t\t\t<\/div>\n\t\t\t\t<\/div>\n\t\t\t\t\t<\/div>\n\t\t<\/div>\n\t\t\t\t\t<\/div>\n\t\t<\/section>\n\t\t\t\t<section class=\"elementor-section elementor-top-section elementor-element elementor-element-71f363e elementor-section-boxed elementor-section-height-default elementor-section-height-default\" data-id=\"71f363e\" data-element_type=\"section\">\n\t\t\t\t\t\t<div class=\"elementor-container elementor-column-gap-default\">\n\t\t\t\t\t<div class=\"elementor-column elementor-col-100 elementor-top-column elementor-element elementor-element-9587872\" data-id=\"9587872\" data-element_type=\"column\">\n\t\t\t<div class=\"elementor-widget-wrap elementor-element-populated\">\n\t\t\t\t\t\t<div class=\"elementor-element elementor-element-51d8fc1 elementor-widget elementor-widget-heading\" data-id=\"51d8fc1\" data-element_type=\"widget\" data-widget_type=\"heading.default\">\n\t\t\t\t<div class=\"elementor-widget-container\">\n\t\t\t\t\t<h2 class=\"elementor-heading-title elementor-size-default\">Ils nous ont fait confiance<\/h2>\t\t\t\t<\/div>\n\t\t\t\t<\/div>\n\t\t\t\t<div class=\"elementor-element elementor-element-2135b18 elementor-widget elementor-widget-image\" data-id=\"2135b18\" data-element_type=\"widget\" data-widget_type=\"image.default\">\n\t\t\t\t<div class=\"elementor-widget-container\">\n\t\t\t\t\t\t\t\t\t\t\t\t\t\t\t<img fetchpriority=\"high\" decoding=\"async\" width=\"724\" height=\"1024\" src=\"https:\/\/industrie.cloud1.sbg.meosis.fr\/jcmdistribution\/wp-content\/uploads\/sites\/7\/2021\/12\/JCM-a-votre-ecoute-1-724x1024.png\" class=\"attachment-large size-large wp-image-3489\" alt=\"\" srcset=\"https:\/\/industrie.cloud1.sbg.meosis.fr\/jcmdistribution\/wp-content\/uploads\/sites\/7\/2021\/12\/JCM-a-votre-ecoute-1-724x1024.png 724w, https:\/\/industrie.cloud1.sbg.meosis.fr\/jcmdistribution\/wp-content\/uploads\/sites\/7\/2021\/12\/JCM-a-votre-ecoute-1-212x300.png 212w, https:\/\/industrie.cloud1.sbg.meosis.fr\/jcmdistribution\/wp-content\/uploads\/sites\/7\/2021\/12\/JCM-a-votre-ecoute-1-768x1086.png 768w, https:\/\/industrie.cloud1.sbg.meosis.fr\/jcmdistribution\/wp-content\/uploads\/sites\/7\/2021\/12\/JCM-a-votre-ecoute-1-1086x1536.png 1086w, https:\/\/industrie.cloud1.sbg.meosis.fr\/jcmdistribution\/wp-content\/uploads\/sites\/7\/2021\/12\/JCM-a-votre-ecoute-1-1448x2048.png 1448w, https:\/\/industrie.cloud1.sbg.meosis.fr\/jcmdistribution\/wp-content\/uploads\/sites\/7\/2021\/12\/JCM-a-votre-ecoute-1.png 1654w\" sizes=\"(max-width: 724px) 100vw, 724px\" \/>\t\t\t\t\t\t\t\t\t\t\t\t\t\t\t<\/div>\n\t\t\t\t<\/div>\n\t\t\t\t\t<\/div>\n\t\t<\/div>\n\t\t\t\t\t<\/div>\n\t\t<\/section>\n\t\t\t\t<\/div>\n\t\t","protected":false},"excerpt":{"rendered":"<p>JCM Distribution s&rsquo;est d&rsquo;abord sp\u00e9cialis\u00e9e dans le mat\u00e9riel pour les Sapeurs Pompiers. Des produits fiables et performants avec ces utilisateurs exigeants ont s\u00e9duit par la [&hellip;]<\/p>\n","protected":false},"author":1,"featured_media":0,"parent":0,"menu_order":0,"comment_status":"closed","ping_status":"closed","template":"","meta":{"footnotes":""},"yoast_head":"<!-- This site is optimized with the Yoast SEO plugin v23.5 - https:\/\/yoast.com\/wordpress\/plugins\/seo\/ -->\n<title>Mat\u00e9riel p\u00e9dagogique incendie \u203a JCM Distribution \u00e0 votre service<\/title>\n<meta name=\"description\" content=\"JCM Distribution est sp\u00e9cialis\u00e9e dans les produits de lutte contre l&#039;incendie. Elle propose du mat\u00e9riel p\u00e9dagogique pour lutter face \u00e0 ces derniers.\" \/>\n<meta name=\"robots\" content=\"index, follow, max-snippet:-1, max-image-preview:large, max-video-preview:-1\" \/>\n<link rel=\"canonical\" href=\"https:\/\/industrie.cloud1.sbg.meosis.fr\/jcmdistribution\/lentreprise.html\" \/>\n<meta property=\"og:locale\" content=\"fr_FR\" \/>\n<meta property=\"og:type\" content=\"article\" \/>\n<meta property=\"og:title\" content=\"Mat\u00e9riel p\u00e9dagogique incendie \u203a JCM Distribution \u00e0 votre service\" \/>\n<meta property=\"og:description\" content=\"JCM Distribution est sp\u00e9cialis\u00e9e dans les produits de lutte contre l&#039;incendie. Elle propose du mat\u00e9riel p\u00e9dagogique pour lutter face \u00e0 ces derniers.\" \/>\n<meta property=\"og:url\" content=\"https:\/\/industrie.cloud1.sbg.meosis.fr\/jcmdistribution\/lentreprise.html\" \/>\n<meta property=\"og:site_name\" content=\"JCM DISTRIBUTION\" \/>\n<meta property=\"article:modified_time\" content=\"2022-01-14T14:45:52+00:00\" \/>\n<meta property=\"og:image\" content=\"https:\/\/www.jcmdistribution.com\/wp-content\/uploads\/sites\/7\/2021\/12\/JCM-a-votre-ecoute-1-724x1024.png\" \/>\n<meta name=\"twitter:card\" content=\"summary_large_image\" \/>\n<meta name=\"twitter:label1\" content=\"Dur\u00e9e de lecture estim\u00e9e\" \/>\n\t<meta name=\"twitter:data1\" content=\"1 minute\" \/>\n<script type=\"application\/ld+json\" class=\"yoast-schema-graph\">{\"@context\":\"https:\/\/schema.org\",\"@graph\":[{\"@type\":\"WebPage\",\"@id\":\"https:\/\/industrie.cloud1.sbg.meosis.fr\/jcmdistribution\/lentreprise.html\",\"url\":\"https:\/\/industrie.cloud1.sbg.meosis.fr\/jcmdistribution\/lentreprise.html\",\"name\":\"Mat\u00e9riel p\u00e9dagogique incendie \u203a JCM Distribution \u00e0 votre service\",\"isPartOf\":{\"@id\":\"https:\/\/industrie.cloud1.sbg.meosis.fr\/jcmdistribution\/#website\"},\"primaryImageOfPage\":{\"@id\":\"https:\/\/industrie.cloud1.sbg.meosis.fr\/jcmdistribution\/lentreprise.html#primaryimage\"},\"image\":{\"@id\":\"https:\/\/industrie.cloud1.sbg.meosis.fr\/jcmdistribution\/lentreprise.html#primaryimage\"},\"thumbnailUrl\":\"https:\/\/www.jcmdistribution.com\/wp-content\/uploads\/sites\/7\/2021\/12\/JCM-a-votre-ecoute-1-724x1024.png\",\"datePublished\":\"2019-09-02T12:22:35+00:00\",\"dateModified\":\"2022-01-14T14:45:52+00:00\",\"description\":\"JCM Distribution est sp\u00e9cialis\u00e9e dans les produits de lutte contre l'incendie. Elle propose du mat\u00e9riel p\u00e9dagogique pour lutter face \u00e0 ces derniers.\",\"breadcrumb\":{\"@id\":\"https:\/\/industrie.cloud1.sbg.meosis.fr\/jcmdistribution\/lentreprise.html#breadcrumb\"},\"inLanguage\":\"fr-FR\",\"potentialAction\":[{\"@type\":\"ReadAction\",\"target\":[\"https:\/\/industrie.cloud1.sbg.meosis.fr\/jcmdistribution\/lentreprise.html\"]}]},{\"@type\":\"ImageObject\",\"inLanguage\":\"fr-FR\",\"@id\":\"https:\/\/industrie.cloud1.sbg.meosis.fr\/jcmdistribution\/lentreprise.html#primaryimage\",\"url\":\"https:\/\/www.jcmdistribution.com\/wp-content\/uploads\/sites\/7\/2021\/12\/JCM-a-votre-ecoute-1-724x1024.png\",\"contentUrl\":\"https:\/\/www.jcmdistribution.com\/wp-content\/uploads\/sites\/7\/2021\/12\/JCM-a-votre-ecoute-1-724x1024.png\"},{\"@type\":\"BreadcrumbList\",\"@id\":\"https:\/\/industrie.cloud1.sbg.meosis.fr\/jcmdistribution\/lentreprise.html#breadcrumb\",\"itemListElement\":[{\"@type\":\"ListItem\",\"position\":1,\"name\":\"Accueil\",\"item\":\"https:\/\/industrie.cloud1.sbg.meosis.fr\/jcmdistribution\/\"},{\"@type\":\"ListItem\",\"position\":2,\"name\":\"L&rsquo;entreprise\"}]},{\"@type\":\"WebSite\",\"@id\":\"https:\/\/industrie.cloud1.sbg.meosis.fr\/jcmdistribution\/#website\",\"url\":\"https:\/\/industrie.cloud1.sbg.meosis.fr\/jcmdistribution\/\",\"name\":\"JCM DISTRIBUTION\",\"description\":\"Un site utilisant Industrie SSL\",\"publisher\":{\"@id\":\"https:\/\/industrie.cloud1.sbg.meosis.fr\/jcmdistribution\/#organization\"},\"potentialAction\":[{\"@type\":\"SearchAction\",\"target\":{\"@type\":\"EntryPoint\",\"urlTemplate\":\"https:\/\/industrie.cloud1.sbg.meosis.fr\/jcmdistribution\/?s={search_term_string}\"},\"query-input\":{\"@type\":\"PropertyValueSpecification\",\"valueRequired\":true,\"valueName\":\"search_term_string\"}}],\"inLanguage\":\"fr-FR\"},{\"@type\":\"Organization\",\"@id\":\"https:\/\/industrie.cloud1.sbg.meosis.fr\/jcmdistribution\/#organization\",\"name\":\"JCM DISTRIBUTION\",\"url\":\"https:\/\/industrie.cloud1.sbg.meosis.fr\/jcmdistribution\/\",\"logo\":{\"@type\":\"ImageObject\",\"inLanguage\":\"fr-FR\",\"@id\":\"https:\/\/industrie.cloud1.sbg.meosis.fr\/jcmdistribution\/#\/schema\/logo\/image\/\",\"url\":\"https:\/\/industrie.cloud1.sbg.meosis.fr\/jcmdistribution\/wp-content\/uploads\/sites\/7\/2019\/09\/logo.png\",\"contentUrl\":\"https:\/\/industrie.cloud1.sbg.meosis.fr\/jcmdistribution\/wp-content\/uploads\/sites\/7\/2019\/09\/logo.png\",\"width\":200,\"height\":198,\"caption\":\"JCM DISTRIBUTION\"},\"image\":{\"@id\":\"https:\/\/industrie.cloud1.sbg.meosis.fr\/jcmdistribution\/#\/schema\/logo\/image\/\"}}]}<\/script>\n<!-- \/ Yoast SEO plugin. -->","yoast_head_json":{"title":"Mat\u00e9riel p\u00e9dagogique incendie \u203a JCM Distribution \u00e0 votre service","description":"JCM Distribution est sp\u00e9cialis\u00e9e dans les produits de lutte contre l'incendie. Elle propose du mat\u00e9riel p\u00e9dagogique pour lutter face \u00e0 ces derniers.","robots":{"index":"index","follow":"follow","max-snippet":"max-snippet:-1","max-image-preview":"max-image-preview:large","max-video-preview":"max-video-preview:-1"},"canonical":"https:\/\/industrie.cloud1.sbg.meosis.fr\/jcmdistribution\/lentreprise.html","og_locale":"fr_FR","og_type":"article","og_title":"Mat\u00e9riel p\u00e9dagogique incendie \u203a JCM Distribution \u00e0 votre service","og_description":"JCM Distribution est sp\u00e9cialis\u00e9e dans les produits de lutte contre l'incendie. Elle propose du mat\u00e9riel p\u00e9dagogique pour lutter face \u00e0 ces derniers.","og_url":"https:\/\/industrie.cloud1.sbg.meosis.fr\/jcmdistribution\/lentreprise.html","og_site_name":"JCM DISTRIBUTION","article_modified_time":"2022-01-14T14:45:52+00:00","og_image":[{"url":"https:\/\/www.jcmdistribution.com\/wp-content\/uploads\/sites\/7\/2021\/12\/JCM-a-votre-ecoute-1-724x1024.png"}],"twitter_card":"summary_large_image","twitter_misc":{"Dur\u00e9e de lecture estim\u00e9e":"1 minute"},"schema":{"@context":"https:\/\/schema.org","@graph":[{"@type":"WebPage","@id":"https:\/\/industrie.cloud1.sbg.meosis.fr\/jcmdistribution\/lentreprise.html","url":"https:\/\/industrie.cloud1.sbg.meosis.fr\/jcmdistribution\/lentreprise.html","name":"Mat\u00e9riel p\u00e9dagogique incendie \u203a JCM Distribution \u00e0 votre service","isPartOf":{"@id":"https:\/\/industrie.cloud1.sbg.meosis.fr\/jcmdistribution\/#website"},"primaryImageOfPage":{"@id":"https:\/\/industrie.cloud1.sbg.meosis.fr\/jcmdistribution\/lentreprise.html#primaryimage"},"image":{"@id":"https:\/\/industrie.cloud1.sbg.meosis.fr\/jcmdistribution\/lentreprise.html#primaryimage"},"thumbnailUrl":"https:\/\/www.jcmdistribution.com\/wp-content\/uploads\/sites\/7\/2021\/12\/JCM-a-votre-ecoute-1-724x1024.png","datePublished":"2019-09-02T12:22:35+00:00","dateModified":"2022-01-14T14:45:52+00:00","description":"JCM Distribution est sp\u00e9cialis\u00e9e dans les produits de lutte contre l'incendie. Elle propose du mat\u00e9riel p\u00e9dagogique pour lutter face \u00e0 ces derniers.","breadcrumb":{"@id":"https:\/\/industrie.cloud1.sbg.meosis.fr\/jcmdistribution\/lentreprise.html#breadcrumb"},"inLanguage":"fr-FR","potentialAction":[{"@type":"ReadAction","target":["https:\/\/industrie.cloud1.sbg.meosis.fr\/jcmdistribution\/lentreprise.html"]}]},{"@type":"ImageObject","inLanguage":"fr-FR","@id":"https:\/\/industrie.cloud1.sbg.meosis.fr\/jcmdistribution\/lentreprise.html#primaryimage","url":"https:\/\/www.jcmdistribution.com\/wp-content\/uploads\/sites\/7\/2021\/12\/JCM-a-votre-ecoute-1-724x1024.png","contentUrl":"https:\/\/www.jcmdistribution.com\/wp-content\/uploads\/sites\/7\/2021\/12\/JCM-a-votre-ecoute-1-724x1024.png"},{"@type":"BreadcrumbList","@id":"https:\/\/industrie.cloud1.sbg.meosis.fr\/jcmdistribution\/lentreprise.html#breadcrumb","itemListElement":[{"@type":"ListItem","position":1,"name":"Accueil","item":"https:\/\/industrie.cloud1.sbg.meosis.fr\/jcmdistribution\/"},{"@type":"ListItem","position":2,"name":"L&rsquo;entreprise"}]},{"@type":"WebSite","@id":"https:\/\/industrie.cloud1.sbg.meosis.fr\/jcmdistribution\/#website","url":"https:\/\/industrie.cloud1.sbg.meosis.fr\/jcmdistribution\/","name":"JCM DISTRIBUTION","description":"Un site utilisant Industrie SSL","publisher":{"@id":"https:\/\/industrie.cloud1.sbg.meosis.fr\/jcmdistribution\/#organization"},"potentialAction":[{"@type":"SearchAction","target":{"@type":"EntryPoint","urlTemplate":"https:\/\/industrie.cloud1.sbg.meosis.fr\/jcmdistribution\/?s={search_term_string}"},"query-input":{"@type":"PropertyValueSpecification","valueRequired":true,"valueName":"search_term_string"}}],"inLanguage":"fr-FR"},{"@type":"Organization","@id":"https:\/\/industrie.cloud1.sbg.meosis.fr\/jcmdistribution\/#organization","name":"JCM DISTRIBUTION","url":"https:\/\/industrie.cloud1.sbg.meosis.fr\/jcmdistribution\/","logo":{"@type":"ImageObject","inLanguage":"fr-FR","@id":"https:\/\/industrie.cloud1.sbg.meosis.fr\/jcmdistribution\/#\/schema\/logo\/image\/","url":"https:\/\/industrie.cloud1.sbg.meosis.fr\/jcmdistribution\/wp-content\/uploads\/sites\/7\/2019\/09\/logo.png","contentUrl":"https:\/\/industrie.cloud1.sbg.meosis.fr\/jcmdistribution\/wp-content\/uploads\/sites\/7\/2019\/09\/logo.png","width":200,"height":198,"caption":"JCM DISTRIBUTION"},"image":{"@id":"https:\/\/industrie.cloud1.sbg.meosis.fr\/jcmdistribution\/#\/schema\/logo\/image\/"}}]}},"_links":{"self":[{"href":"https:\/\/industrie.cloud1.sbg.meosis.fr\/jcmdistribution\/wp-json\/wp\/v2\/pages\/5"}],"collection":[{"href":"https:\/\/industrie.cloud1.sbg.meosis.fr\/jcmdistribution\/wp-json\/wp\/v2\/pages"}],"about":[{"href":"https:\/\/industrie.cloud1.sbg.meosis.fr\/jcmdistribution\/wp-json\/wp\/v2\/types\/page"}],"author":[{"embeddable":true,"href":"https:\/\/industrie.cloud1.sbg.meosis.fr\/jcmdistribution\/wp-json\/wp\/v2\/users\/1"}],"replies":[{"embeddable":true,"href":"https:\/\/industrie.cloud1.sbg.meosis.fr\/jcmdistribution\/wp-json\/wp\/v2\/comments?post=5"}],"version-history":[{"count":12,"href":"https:\/\/industrie.cloud1.sbg.meosis.fr\/jcmdistribution\/wp-json\/wp\/v2\/pages\/5\/revisions"}],"predecessor-version":[{"id":3515,"href":"https:\/\/industrie.cloud1.sbg.meosis.fr\/jcmdistribution\/wp-json\/wp\/v2\/pages\/5\/revisions\/3515"}],"wp:attachment":[{"href":"https:\/\/industrie.cloud1.sbg.meosis.fr\/jcmdistribution\/wp-json\/wp\/v2\/media?parent=5"}],"curies":[{"name":"wp","href":"https:\/\/api.w.org\/{rel}","templated":true}]}}